d by 386?
298
Calculate the remainder when 125858 is divided by 28.
26
Calculate the remainder when 1545 is divided by 12.
9
What is the remainder when 43365 is divided by 46?
33
What is the remainder when 8638 is divided by 166?
6
Calculate the remainder when 8567 is divided by 357.
356
What is the remainder when 183961 is divided by 46?
7
What is the remainder when 529 is divided by 89?
84
What is the remainder when 29759 is divided by 266?
233
Calculate the remainder when 14801 is divided by 239.
222
Calculate the remainder when 9640 is divided by 141.
52
Calculate the remainder when 890414 is divided by 423.
422
Calculate the remainder when 26702 is divided by 448.
270
What is the remainder when 7925 is divided by 305?
300
Calculate the remainder when 1362 is divided by 627.
108
What is the remainder when 5379 is divided by 1737?
168
What is the remainder when 635 is divided by 227?
181
What is the remainder when 109682 is divided by 70?
62
Calculate the remainder when 74937 is divided by 67.
31
Calculate the remainder when 14665 is divided by 327.
277
What is the remainder when 54283 is divided by 218?
1
Calculate the remainder when 211240 is divided by 52810.
0
What is the remainder when 15511 is divided by 95?
26
What is the remainder when 7784 is divided by 45?
44
What is the remainder when 29037 is divided by 200?
37
What is the remainder when 557314 is divided by 185767?
13
What is the remainder when 51075 is divided by 56?
3
What is the remainder when 11537 is divided by 1921?
11
Calculate the remainder when 16329 is divided by 1031.
864
Calculate the remainder when 142094 is divided by 140.
134
Calculate the remainder when 3311 is divided by 278.
253
What is the remainder when 591 is divided by 446?
145
Calculate the remainder when 3249 is divided by 30.
9
Calculate the remainder when 50996 is divided by 444.
380
Calculate the remainder when 1416 is divided by 1401.
15
What is the remainder when 22686 is divided by 92?
54
What is the remainder when 2567 is divided by 786?
209
Calculate the remainder when 4084 is divided by 1288.
220
What is the remainder when 1346866 is divided by 163?
160
What is the remainder when 1092284 is divided by 1305?
1304
Calculate the remainder when 31435 is divided by 88.
19
Calculate the remainder when 155083 is divided by 11928.
19
Calculate the remainder when 364427 is divided by 993.
989
Calculate the remainder when 5729 is divided by 1376.
225
What is the remainder when 29692 is divided by 29668?
24
Calculate the remainder when 338447 is divided by 12.
11
Calculate the remainder when 24294 is divided by 4047.
12
Calculate the remainder when 37535 is divided by 216.
167
Calculate the remainder when 3190 is divided by 110.
0
What is the remainder when 22588 is divided by 236?
168
What is the remainder when 14292 is divided by 96?
84
Calculate the remainder when 21810 is divided by 949.
932
What is the remainder when 69773 is divided by 1836?
5
Calculate the remainder when 722855 is divided by 8.
7
What is the remainder when 56210 is divided by 92?
90
What is the remainder when 144036 is divided by 399?
396
Calculate the remainder when 824123 is divided by 95.
93
Calculate the remainder when 1464 is divided by 167.
128
What is the remainder when 308137 is divided by 296?
1
Calculate the remainder when 313516 is divided by 28.
0
What is the remainder when 354411 is divided by 39376?
27
Calculate the remainder when 18830 is divided by 667.
154
What is the remainder when 1323 is divided by 458?
407
What is the remainder when 845 is divided by 485?
360
What is the remainder when 47657 is divided by 225?
182
What is the remainder when 54287 is divided by 7?
2
What is the remainder when 354600 is divided by 682?
642
What is the remainder when 1061972 is divided by 107?
104
What is the remainder when 839780 is divided by 265?
260
What is the remainder when 661305 is divided by 53?
24
Calculate the remainder when 2443814 is divided by 39.
35
Calculate the remainder when 191255 is divided by 256.
23
Calculate the remainder when 17032 is divided by 2129.
0
Calculate the remainder when 42011 is divided by 108.
107
Calculate the remainder when 1359893 is divided by 21.
17
What is the remainder when 40924 is divided by 36?
28
Calculate the remainder when 16632 is divided by 189.
0
Calculate the remainder when 1276 is divided by 311.
32
Calculate the remainder when 2785 is divided by 666.
121
Calculate the remainder when 182149 is divided by 111.
109
Calculate the remainder when 1227 is divided by 150.
27
Calculate the remainder when 35988 is divided by 225.
213
What is the remainder when 64557 is divided by 15?
12
What is the remainder when 1939389 is divided by 21?
18
Calculate the remainder when 249112 is divided by 3235.
17
What is the remainder when 11374 is divided by 2828?
62
What is the remainder when 499019 is divided by 261?
248
Calculate the remainder when 1608 is divided by 378.
96
Calculate the remainder when 3670 is divided by 7.
2
What is the remainder when 2285 is divided by 562?
37
Calculate the remainder when 961870 is divided by 27.
22
Calculate the remainder when 10853 is divided by 92.
89
Calculate the remainder when 21821 is divided by 321.
314
Calculate the remainder when 389996 is divided by 600.
596
Calculate the remainder when 82953 is divided by 669.
666
What is the remainder when 4541682 is divided by 36?
30
What is the remainder when 430 is divided by 241?
189
Calculate the remainder when 17682 is divided by 586.
102
What is the remainder when 489009 is divided by 12?
9
What is the remainder when 263966 is divided by 542?
12
Calculate the remainder when 865512 is divided by 173102.
2
Calculate the remainder when 56169 is divided by 13.
9
Calculate the remainder when 14057 is divided by 18.
17
What is the remainder when 305310 is divided by 188?
186
What is the remainder when 423254 is divided by 435?
434
Calculate the remainder when 183940 is divided by 138.
124
Calculate the remainder when 5242 is divided by 340.
142
Calculate the remainder when 565981 is divided by 28299.
1
What is the remainder when 766437 is divided by 59?
27
What is the remainder when 48858 is divided by 870?
138
Calculate the remainder when 117345 is divided by 241.
219
What is the remainder when 16933 is divided by 1411?
1
What is the remainder when 557405 is divided by 1264?
1245
What is the remainder when 75305 is divided by 1675?
1605
Calculate the remainder when 16521 is divided by 32.
9
Calculate the remainder when 1187 is divided by 4.
3
What is the remainder when 296168 is divided by 70?
68
What is the remainder when 87888 is divided by 179?
178
Calculate the remainder when 4103 is divided by 449.
62
Calculate the remainder when 1069 is divided by 17.
15
Calculate the remainder when 6413 is divided by 3203.
7
What is the remainder when 169925 is divided by 9991?
78
What is the remainder when 2772 is divided by 27?
18
What is the remainder when 442565 is divided by 28?
25
What is the remainder when 26336 is divided by 338?
310
What is the remainder when 241345 is divided by 14?
13
Calculate the remainder when 253 is divided by 106.
41
Calculate the remainder when 236004 is divided by 33702.
90
What is the remainder when 27210 is divided by 13453?
304
What is the remainder when 3286 is divided by 927?
505
What is the remainder when 16563 is divided by 264?
195
Calculate the remainder when 192566 is divided by 24068.
22
What is the remainder when 901688 is divided by 35?
18
What is the remainder when 55350 is divided by 666?
72
Calculate the remainder when 3666214 is divided by 173.
171
Calculate the remainder when 1355 is divided by 104.
3
What is the remainder when 13302 is divided by 3943?
1473
What is the remainder when 2558 is divided by 818?
104
What is the remainder when 10502 is divided by 3114?
1160
What is the remainder when 268231 is divided by 526?
497
Calculate the remainder when 773167 is divided by 154631.
12
Calculate the remainder when 196809 is divided by 522.
15
What is the remainder when 112812 is divided by 258?
66
What is the remainder when 30278 is divided by 9949?
431
Calculate the remainder when 104593 is divided by 34827.
112
Calculate the remainder when 93655 is divided by 44.
